s divided by 168?
140
Calculate the remainder when 20850 is divided by 393.
21
What is the remainder when 210691 is divided by 104?
91
What is the remainder when 1315 is divided by 266?
251
Calculate the remainder when 16895 is divided by 5618.
41
Calculate the remainder when 302086 is divided by 170.
166
Calculate the remainder when 1453 is divided by 581.
291
What is the remainder when 306623 is divided by 30?
23
Calculate the remainder when 2392632 is divided by 15.
12
Calculate the remainder when 44814 is divided by 62.
50
Calculate the remainder when 1259264 is divided by 8.
0
Calculate the remainder when 754 is divided by 2.
0
Calculate the remainder when 1320 is divided by 56.
32
What is the remainder when 32391 is divided by 110?
51
What is the remainder when 25243 is divided by 44?
31
Calculate the remainder when 84 is divided by 25.
9
Calculate the remainder when 2394962 is divided by 762.
758
Calculate the remainder when 2005 is divided by 975.
55
What is the remainder when 562 is divided by 190?
182
Calculate the remainder when 22006 is divided by 135.
1
What is the remainder when 14305 is divided by 653?
592
What is the remainder when 2094 is divided by 69?
24
Calculate the remainder when 390275 is divided by 457.
454
What is the remainder when 3736 is divided by 3702?
34
What is the remainder when 55774 is divided by 42?
40
What is the remainder when 38720 is divided by 67?
61
Calculate the remainder when 2786 is divided by 84.
14
What is the remainder when 7962 is divided by 7942?
20
What is the remainder when 1260 is divided by 334?
258
What is the remainder when 155 is divided by 140?
15
Calculate the remainder when 399649 is divided by 162.
157
What is the remainder when 424 is divided by 23?
10
What is the remainder when 21569 is divided by 139?
24
What is the remainder when 23997 is divided by 7987?
36
What is the remainder when 156218 is divided by 562?
544
Calculate the remainder when 21382 is divided by 855.
7
What is the remainder when 111570 is divided by 400?
370
Calculate the remainder when 1867 is divided by 596.
79
Calculate the remainder when 11585 is divided by 5734.
117
What is the remainder when 64633 is divided by 64629?
4
What is the remainder when 24490 is divided by 24392?
98
Calculate the remainder when 11380 is divided by 288.
148
What is the remainder when 53703 is divided by 100?
3
What is the remainder when 1449 is divided by 370?
339
What is the remainder when 3084 is divided by 43?
31
Calculate the remainder when 304434 is divided by 38054.
2
What is the remainder when 2847 is divided by 689?
91
Calculate the remainder when 417 is divided by 115.
72
What is the remainder when 23171 is divided by 799?
0
Calculate the remainder when 25345 is divided by 198.
1
Calculate the remainder when 3841 is divided by 142.
7
What is the remainder when 111100 is divided by 2525?
0
Calculate the remainder when 26594 is divided by 1209.
1205
Calculate the remainder when 288476 is divided by 171.
170
Calculate the remainder when 33764 is divided by 341.
5
Calculate the remainder when 2749 is divided by 589.
393
Calculate the remainder when 15377 is divided by 33.
32
What is the remainder when 109758 is divided by 49?
47
What is the remainder when 177519 is divided by 26?
17
What is the remainder when 143084 is divided by 675?
659
Calculate the remainder when 9883 is divided by 902.
863
Calculate the remainder when 45987 is divided by 26.
19
What is the remainder when 70732 is divided by 5440?
12
Calculate the remainder when 2999 is divided by 177.
167
Calculate the remainder when 312267 is divided by 1346.
1341
Calculate the remainder when 7395 is divided by 4.
3
What is the remainder when 40257 is divided by 16?
1
Calculate the remainder when 163866 is divided by 142.
140
What is the remainder when 386482 is divided by 19324?
2
Calculate the remainder when 1600783 is divided by 123136.
15
Calculate the remainder when 66587 is divided by 344.
195
What is the remainder when 30929 is divided by 43?
12
What is the remainder when 926019 is divided by 231504?
3
Calculate the remainder when 283857 is divided by 342.
339
What is the remainder when 12462 is divided by 12443?
19
Calculate the remainder when 15316 is divided by 365.
351
What is the remainder when 82815 is divided by 36?
15
Calculate the remainder when 218623 is divided by 55.
53
What is the remainder when 675201 is divided by 142?
133
Calculate the remainder when 1426461 is divided by 381.
378
Calculate the remainder when 227858 is divided by 326.
310
Calculate the remainder when 33235 is divided by 60.
55
Calculate the remainder when 3482 is divided by 483.
101
Calculate the remainder when 221799 is divided by 293.
291
Calculate the remainder when 7744 is divided by 3849.
46
Calculate the remainder when 27955 is divided by 9306.
37
Calculate the remainder when 377310 is divided by 15.
0
What is the remainder when 1952 is divided by 261?
125
What is the remainder when 803 is divided by 794?
9
Calculate the remainder when 968136 is divided by 193625.
11
Calculate the remainder when 33170 is divided by 103.
4
Calculate the remainder when 7358 is divided by 115.
113
What is the remainder when 13032 is divided by 1855?
47
Calculate the remainder when 7858 is divided by 1303.
40
What is the remainder when 74139 is divided by 170?
19
What is the remainder when 4598 is divided by 1543?
1512
Calculate the remainder when 6894 is divided by 10.
4
Calculate the remainder when 6424 is divided by 45.
34
What is the remainder when 7548 is divided by 10?
8
What is the remainder when 3132 is divided by 95?
92
Calculate the remainder when 29328 is divided by 29296.
32
Calculate the remainder when 1488 is divided by 509.
470
Calculate the remainder when 25772 is divided by 31.
11
What is the remainder when 33768 is divided by 9?
0
What is the remainder when 43026 is divided by 21?
18
Calculate the remainder when 3276 is divided by 2825.
451
What is the remainder when 40283 is divided by 344?
35
What is the remainder when 76228 is divided by 25406?
10
Calculate the remainder when 15268 is divided by 2415.
778
What is the remainder when 1596 is divided by 314?
26
Calculate the remainder when 1446543 is divided by 176.
175
Calculate the remainder when 12238 is divided by 24.
22
What is the remainder when 292172 is divided by 377?
374
What is the remainder when 42534 is divided by 868?
2
Calculate the remainder when 1110 is divided by 525.
60
Calculate the remainder when 15388821 is divided by 1704.
1701
Calculate the remainder when 51899 is divided by 10.
9
Calculate the remainder when 141829 is divided by 1378.
1273
Calculate the remainder when 132701 is divided by 115.
106
What is the remainder when 6248877 is divided by 1578?
1575
What is the remainder when 8450 is divided by 2773?
131
What is the remainder when 80896 is divided by 29?
15
Calculate the remainder when 8019 is divided by 42.
39
Calculate the remainder when 10925 is divided by 293.
84
Calculate the remainder when 19472 is divided by 278.
12
Calculate the remainder when 15179 is divided by 799.
797
Calculate the remainder when 517658 is divided by 56.
50
What is the remainder when 7909 is divided by 353?
143
Calculate the remainder when 30574 is divided by 38.
22
What is the remainder when 112406 is divided by 90?
86
Calculate the remainder when 3860889 is divided by 27.
24
Calculate the remainder when 24063 is divided by 546.
39
Calculate the remainder when 1539 is divided by 70.
69
Calculate the remainder when 4584 is divided by 1032.
456
What is the remainder when 16006 is divided by 296?
22
What is the remainder when 206197 is divided by 27?
25
What is the remainder when 11057 is divided by 47?
12
Calculate the remainder when 240425 is divided by 6010.
25
Calculate the remainder when 137052 is divided by 19568.
76
Calculate the remainder when 2635 is divided by 319.
83
What is the remainder when 18232 is divided by 4549?
36
Calculate the remainder when 57885 is divided by 268.
265
Calculate the remainder when 234942 is divided by 1211.
8
What is the remainder when 2552 is divided by 849?
5
Calculate the remainder when 68161 is divided by 34080.
1
Calculate the remainder when 10876 is divided by 1479.
523
Ca